{"id":924,"date":"2022-11-11T11:43:55","date_gmt":"2022-11-11T11:43:55","guid":{"rendered":"https:\/\/achdsehcp-dev-001.azurewebsites.net\/en-us\/achondroplasia\/?page_id=924"},"modified":"2024-09-03T11:19:16","modified_gmt":"2024-09-03T11:19:16","slug":"mantengase-actualizado","status":"publish","type":"page","link":"https:\/\/hcp.biomarin.com\/es-la\/achondroplasia\/mantengase-actualizado\/","title":{"rendered":"Mant\u00e9ngase actualizado"},"content":{"rendered":"<div id=\"acf-block-66828f86b3859\" class=\"block hcp-sign-up-form hcp-sign-up-spanish-form\">\n    <div class=\"wrapper\">\n        <div class=\"inner-wrapper\">\n                            <h2>Mant\u00e9ngase actualizado sobre la Acondroplasia\n<\/h2>\n            \n            <div class=\"block form-box\">\n                                    <p>*Obligatorio<\/p>\n                                <form id=\"hcp-sign-up-spanish\" name=\"Mant\u00e9ngase actualizado sobre la Acondroplasia\">\n                    <div class=\"form-item\">\n                        <label for=\"first-name\">Nombre<span class=\"required\">*<\/span><\/label>\n                        <input class=\"text\" id=\"first-name\" type=\"text\" required\n                        data-pristine-required-message=\"Digite su nombre\">\n                    <\/div>\n\n                    <div class=\"form-item\">\n                        <label for=\"last-name\">Apellido<span class=\"required\">*<\/span><\/label>\n                        <input class=\"text\" id=\"last-name\" type=\"text\" required\n                        data-pristine-required-message=\"Digite su apellido\">\n                    <\/div>\n\n                    <div class=\"form-item\">\n                        <label for=\"email\">Correo electr\u00f3nico<span class=\"required\">*<\/span><\/label>\n                        <input class=\"text\" id=\"email\" type=\"email\" required\n                        data-pristine-required-message=\"Digite su correo electr\u00f3nico\">\n                    <\/div>\n\n                    <div class=\"form-item\">\n                        <label for=\"company\">Afiliaci\u00f3n<span class=\"required\">*<\/span><\/label>\n                        <input class=\"text\" id=\"company\" type=\"text\" required\n                        data-pristine-required-message=\"Digite su afiliaci\u00f3n\">\n                    <\/div>\n\n                    <div class=\"form-item\">\n                        <label for=\"country\">Pa\u00eds<span class=\"required\">*<\/span><\/label>\n                        <select class=\"text\" id=\"country\" required\n                        data-pristine-required-message=\"Por favor seleccione su pa\u00eds\">\n                            <option value=\"\">Selecciona tu pa\u00eds<\/option>\n                            <option value=\"Argentina\">Argentina<\/option>\n                            <option value=\"Chile\">Chile<\/option>\n                            <option value=\"Paraguay\">Paraguay<\/option>\n                            <option value=\"Uruguay\">Uruguay<\/option>\n                            <option value=\"M\u00e9xico\">M\u00e9xico<\/option>\n                            <option value=\"Colombia\">Colombia<\/option>\n                        <\/select>\n                    <\/div>\n\n                    <div class=\"form-item\">\n                        <label for=\"medical-speciality\">Especialidad<span class=\"required\">*<\/span><\/label>\n                        <select class=\"text\" id=\"medical-speciality\" required\n                        data-pristine-required-message=\"Por favor seleccione su especialidad m\u00e9dica\">\n                            <option value=\"\">Seleccione su especialidad<\/option>\n                            <option value=\"Anesthesiology\">Anestesiolog\u00eda<\/option>\n                            <option value=\"Audiology\">Audiolog\u00eda<\/option>\n                            <option value=\"Behavioral Neurology &#038; Neuropsychiatry\">Neurolog\u00eda del Comportamiento y Neuropsiquiatr\u00eda<\/option>\n                            <option value=\"Biology\">Biolog\u00eda<\/option>\n                            <option value=\"Biomedical Engineering\">Ingenier\u00eda Biom\u00e9dica<\/option>\n                            <option value=\"Cardiology\">Cardiolog\u00eda<\/option>\n                            <option value=\"Clinical Biochemical Genetics\">Gen\u00e9tica Bioqu\u00edmica Cl\u00ednica<\/option>\n                            <option value=\"Dentistry and Odontology\">Odontolog\u00eda<\/option>\n                            <option value=\"Dermatology\">Dermatolog\u00eda<\/option>\n                            <option value=\"Diagnostic Radiology\">Radiolog\u00eda diagn\u00f3stica<\/option>\n                            <option value=\"Electoencephalography\">Electroencefalograf\u00eda<\/option>\n                            <option value=\"Endocrinology, Diabetes &#038; Metabolism\">Endocrinolog\u00eda, Diabetes y Metabolismo<\/option>\n                            <option value=\"ENT\/Otorhinolaryngologist\">Otorrinolaring\u00f3logo<\/option>\n                            <option value=\"Epileptology\">Epileptolog\u00eda<\/option>\n                            <option value=\"Gastroenterology\">Gastroenterolog\u00eda<\/option>\n                            <option value=\"General Practice or Family\">Cl\u00ednica general\/familiar<\/option>\n                            <option value=\"Genetics\">Gen\u00e9tica<\/option>\n                            <option value=\"Hearing and Speech\">Terapia del lenguaje<\/option>\n                            <option value=\"Hematology\">Hematolog\u00eda<\/option>\n                            <option value=\"Hematology and Oncology\">Hematolog\u00eda y Oncolog\u00eda<\/option>\n                            <option value=\"Hepatology\">Hepatolog\u00eda<\/option>\n                            <option value=\"Infectious Diseases\">Enfermedades infecciosas<\/option>\n                            <option value=\"Intensive Care\">Tratamiento intensivo<\/option>\n                            <option value=\"Internal Medicine\">Medicina Interna<\/option>\n                            <option value=\"Kinesiology\">Kinesiolog\u00eda<\/option>\n                            <option value=\"Laboratory Management\">Gesti\u00f3n de laboratorio<\/option>\n                            <option value=\"Medical Student\">Estudiante de medicina<\/option>\n                            <option value=\"Neonatology\">Neonatolog\u00eda<\/option>\n                            <option value=\"Nephrology\">Nefrolog\u00eda<\/option>\n                            <option value=\"Neurology\">Neurolog\u00eda<\/option>\n                            <option value=\"Neuromuscular Medicine\">Medicina neuromuscular<\/option>\n                            <option value=\"Nutrition, Metabolic\">Nutrici\u00f3n metab\u00f3lica<\/option>\n                            <option value=\"Obstetrics\">Obstetricia<\/option>\n                            <option value=\"Occupation Health\">Salud ocupacional<\/option>\n                            <option value=\"Oncology\">Oncolog\u00eda<\/option>\n                            <option value=\"Ophthalmology\">Oftalmolog\u00eda<\/option>\n                            <option value=\"Orthopedics\">Ortoped\u00eda<\/option>\n                            <option value=\"Paliative\/Hospice\">Paliativo<\/option>\n                            <option value=\"Pediatric Allergy\/Immunology\">Alergia\/Inmunolog\u00eda Pedi\u00e1trica<\/option>\n                            <option value=\"Pediatric Anesthesiology\">Anestesiolog\u00eda Pedi\u00e1trica<\/option>\n                            <option value=\"Pediatric Cardiology\">Cardiolog\u00eda Pedi\u00e1trica<\/option>\n                            <option value=\"Pediatric Dentistry\">Odont\u00f3logo pedi\u00e1trico<\/option>\n                            <option value=\"Pediatric Endocrinology\">Endocrinolog\u00eda Pedi\u00e1trica<\/option>\n                            <option value=\"Pediatric Endocrinology, Diabetes &#038; Metabolism\">Endocrinolog\u00eda Pedi\u00e1trica, Diabetes y Metabolismo<\/option>\n                            <option value=\"Pediatric ENT\">Otorrinolaringolog\u00eda pedi\u00e1trica<\/option>\n                            <option value=\"Pediatric Gastroenterology\">Gastroenterolog\u00eda Pedi\u00e1trica<\/option>\n                            <option value=\"Pediatric Gastroenterology &#038; Metabolism\">Gastroenterolog\u00eda y metabolismo pedi\u00e1tricos<\/option>\n                            <option value=\"Pediatric Genetics\">Gen\u00e9tica pedi\u00e1trica<\/option>\n                            <option value=\"Pediatric Hematology\">Hematolog\u00eda pedi\u00e1trica<\/option>\n                            <option value=\"Pediatric Hematology-Oncology\">Hematolog\u00eda-Oncolog\u00eda Pedi\u00e1trica<\/option>\n                            <option value=\"Pediatric Metabolism\">Metabolismo pedi\u00e1trico<\/option>\n                            <option value=\"Pediatric Neurology\">Neurolog\u00eda Pedi\u00e1trica<\/option>\n                            <option value=\"Pediatric Neurosurgery\">Neurocirug\u00eda Pedi\u00e1trica<\/option>\n                            <option value=\"Pediatric Oncology\">Oncolog\u00eda Pedi\u00e1trica<\/option>\n                            <option value=\"Pediatric Ophthalmology and Strabismus Specialist\">Especialista en oftalmolog\u00eda pedi\u00e1trica y estrabismo<\/option>\n                            <option value=\"Pediatric Orthopedics\">Ortopedia pedi\u00e1trica<\/option>\n                            <option value=\"Pediatric Pneumology\">Neumolog\u00eda Pedi\u00e1trica<\/option>\n                            <option value=\"Pediatric Radiology\">Radiolog\u00eda Pedi\u00e1trica<\/option>\n                            <option value=\"Pediatric Rheumatology\">Reumatolog\u00eda Pedi\u00e1trica<\/option>\n                            <option value=\"Pediatrics\">Pediatr\u00eda<\/option>\n                            <option value=\"Phonoaudiology\">Terapia del lenguaje<\/option>\n                            <option value=\"Physiatry\">Fisiatr\u00eda<\/option>\n                            <option value=\"Physician Assistant\">M\u00e9dico asistente<\/option>\n                            <option value=\"Physiotherapy\">Fisioterapia<\/option>\n                            <option value=\"Primary Care\">Atenci\u00f3n primaria<\/option>\n                            <option value=\"Psychology\/Psychiatry\">Psicolog\u00eda\/Psiquiatr\u00eda<\/option>\n                            <option value=\"Pulmonology\">Neumolog\u00eda<\/option>\n                            <option value=\"Radiology (MRI imaging)\">Radiolog\u00eda<\/option>\n                            <option value=\"Research\">Investigador<\/option>\n                            <option value=\"Rheumatology\">Reumatolog\u00eda<\/option>\n                            <option value=\"Surgery\">Cirug\u00eda<\/option>\n                            <option value=\"Traumatology\">Traumatolog\u00eda<\/option>\n                            <option value=\"Unknown\">Otro<\/option>\n                        <\/select>\n                    <\/div>\n\n                    <div class=\"form-item check-item\">\n                        <input type=\"checkbox\" id=\"accept-ts-cs\" name=\"accept_ts_cs\" required\n                        data-pristine-required-message=\"Por favor acepte los t\u00e9rminos de uso\">\n                        <label for=\"accept-ts-cs\">Al enviar su informaci\u00f3n y confirmar su registro, usted declara, para los debidos efectos legales, que la informaci\u00f3n proporcionada es verdadera, siendo responsable de cualquier inexactitud, falsedad, error y cualesquiera consecuencias que de ello se deriven y aceptando la <a href=\"https:\/\/www.biomarin.com\/data-privacy-center\/\" target=\"_blank\">Pol\u00edtica de Privacidad de BioMarin<\/a> y los <a href=\"https:\/\/www.biomarin.com\/terms-of-use\/en-us\/\" target=\"_blank\">T\u00e9rminos de Uso<\/a> y acepta el procesamiento de sus Datos personales seg\u00fan lo establecido en el mismo, incluido que sus Datos personales se almacenar\u00e1n en bases de datos de BioMarin ubicadas, entre otras, en Am\u00e9rica Latina, Europa y\/o Estados Unidos. De acuerdo con la Pol\u00edtica de Privacidad de BioMarin, sus Datos Personales se mantendr\u00e1n seguros, de acuerdo con las leyes y regulaciones aplicables, y podr\u00e1n usarse para (i) invitarlo a participar en programas que BioMarin desarrolla por s\u00ed mismo y\/o junto con sus socios, (ii) realizar actividades relacionadas con el objeto social de BioMarin, (iii) realizar estudios epidemiol\u00f3gicos e investigaciones de resultados, (iv) comunicar informaci\u00f3n sobre enfermedades del portafolio de BioMarin, (v) comunicar informaci\u00f3n sobre los productos de BioMarin a profesionales de la salud a trav\u00e9s de nuestros representantes de ventas o equipo m\u00e9dico, nuestros sitios web, correo electr\u00f3nico, centros de llamadas, correo postal y otros canales, incluidas comunicaciones y otras promociones de marketing, seg\u00fan corresponda, (vi) realizar simposios, conferencias y otros programas educativos y cient\u00edficos, de BioMarin mismo o de terceros; y (vii) realizar estudios de mercado. Si tiene alguna pregunta sobre el procesamiento de sus datos personales o desea ejercer sus derechos, comun\u00edquese con BioMarin a trav\u00e9s del correo electr\u00f3nico <a href=\"mailto:LATAMDataPrivacy@ bmrn.com\">LATAMDataPrivacy@bmrn.com<\/a>.<span class=\"required\">*<\/span><\/label>\n                    <\/div>\n\n                    <div class=\"form-item\">\n                        <input type=\"submit\" class=\"button\" value=\"Recibir actualizaciones\">\n                    <\/div>\n                <\/form>\n                <form id=\"mktoForm_3470\" style=\"display:none;\"><\/form>\n            <\/div>\n\n            <div class=\"block form-success-confirmation\" style=\"display:none;\">\n                                    <h3>\u00a1Gracias!<\/h3>\n<p>Nos comunicaremos pronto con informaci\u00f3n adicional.<\/p>\n                                                    <p class=\"inline-buttons\">\n                        <a class=\"button button-arrow\" href=\"\/en-us\/achondroplasia\/\" target=\"_self\">Volver a la p\u00e1gina principal<\/a>                    <\/p>\n                            <\/div>\n        <\/div>\n    <\/div>\n<\/div>","protected":false},"excerpt":{"rendered":"","protected":false},"author":2,"featured_media":0,"parent":0,"menu_order":0,"comment_status":"closed","ping_status":"closed","template":"","meta":{"_acf_changed":false,"inline_featured_image":false,"footnotes":""},"class_list":["post-924","page","type-page","status-publish","hentry"],"acf":[],"yoast_head":"<!-- This site is optimized with the Yoast SEO plugin v27.4 - https:\/\/yoast.com\/product\/yoast-seo-wordpress\/ -->\n<title>Mant\u00e9ngase actualizado<\/title>\n<meta name=\"robots\" content=\"index, follow, max-snippet:-1, max-image-preview:large, max-video-preview:-1\" \/>\n<link rel=\"canonical\" href=\"https:\/\/hcp.biomarin.com\/es-la\/achondroplasia\/mantengase-actualizado\/\" \/>\n<meta property=\"og:locale\" content=\"es_ES\" \/>\n<meta property=\"og:type\" content=\"article\" \/>\n<meta property=\"og:title\" content=\"Mant\u00e9ngase actualizado\" \/>\n<meta property=\"og:url\" content=\"https:\/\/hcp.biomarin.com\/es-la\/achondroplasia\/mantengase-actualizado\/\" \/>\n<meta property=\"og:site_name\" content=\"BioMarin ACH DSE HCP ES-LA\" \/>\n<meta property=\"article:publisher\" content=\"https:\/\/www.facebook.com\/BioMarinOfficial\/\" \/>\n<meta property=\"article:modified_time\" content=\"2024-09-03T11:19:16+00:00\" \/>\n<meta name=\"twitter:card\" content=\"summary_large_image\" \/>\n<script type=\"application\/ld+json\" class=\"yoast-schema-graph\">{\"@context\":\"https:\\\/\\\/schema.org\",\"@graph\":[{\"@type\":\"WebPage\",\"@id\":\"https:\\\/\\\/hcp.biomarin.com\\\/es-la\\\/achondroplasia\\\/mantengase-actualizado\\\/\",\"url\":\"https:\\\/\\\/hcp.biomarin.com\\\/es-la\\\/achondroplasia\\\/mantengase-actualizado\\\/\",\"name\":\"Mant\u00e9ngase actualizado\",\"isPartOf\":{\"@id\":\"https:\\\/\\\/hcp.biomarin.com\\\/es-la\\\/achondroplasia\\\/#website\"},\"datePublished\":\"2022-11-11T11:43:55+00:00\",\"dateModified\":\"2024-09-03T11:19:16+00:00\",\"breadcrumb\":{\"@id\":\"https:\\\/\\\/hcp.biomarin.com\\\/es-la\\\/achondroplasia\\\/mantengase-actualizado\\\/#breadcrumb\"},\"inLanguage\":\"es\",\"potentialAction\":[{\"@type\":\"ReadAction\",\"target\":[\"https:\\\/\\\/hcp.biomarin.com\\\/es-la\\\/achondroplasia\\\/mantengase-actualizado\\\/\"]}]},{\"@type\":\"BreadcrumbList\",\"@id\":\"https:\\\/\\\/hcp.biomarin.com\\\/es-la\\\/achondroplasia\\\/mantengase-actualizado\\\/#breadcrumb\",\"itemListElement\":[{\"@type\":\"ListItem\",\"position\":1,\"name\":\"Home\",\"item\":\"https:\\\/\\\/hcp.biomarin.com\\\/es-la\\\/achondroplasia\\\/\"},{\"@type\":\"ListItem\",\"position\":2,\"name\":\"Mant\u00e9ngase actualizado\"}]},{\"@type\":\"WebSite\",\"@id\":\"https:\\\/\\\/hcp.biomarin.com\\\/es-la\\\/achondroplasia\\\/#website\",\"url\":\"https:\\\/\\\/hcp.biomarin.com\\\/es-la\\\/achondroplasia\\\/\",\"name\":\"BioMarin ACH DSE HCP ES-LA\",\"description\":\"\",\"publisher\":{\"@id\":\"https:\\\/\\\/hcp.biomarin.com\\\/es-la\\\/achondroplasia\\\/#organization\"},\"potentialAction\":[{\"@type\":\"SearchAction\",\"target\":{\"@type\":\"EntryPoint\",\"urlTemplate\":\"https:\\\/\\\/hcp.biomarin.com\\\/es-la\\\/achondroplasia\\\/?s={search_term_string}\"},\"query-input\":{\"@type\":\"PropertyValueSpecification\",\"valueRequired\":true,\"valueName\":\"search_term_string\"}}],\"inLanguage\":\"es\"},{\"@type\":\"Organization\",\"@id\":\"https:\\\/\\\/hcp.biomarin.com\\\/es-la\\\/achondroplasia\\\/#organization\",\"name\":\"BioMarin\",\"url\":\"https:\\\/\\\/hcp.biomarin.com\\\/es-la\\\/achondroplasia\\\/\",\"logo\":{\"@type\":\"ImageObject\",\"inLanguage\":\"es\",\"@id\":\"https:\\\/\\\/hcp.biomarin.com\\\/es-la\\\/achondroplasia\\\/#\\\/schema\\\/logo\\\/image\\\/\",\"url\":\"https:\\\/\\\/achdsehcp-prd-001.azurewebsites.net\\\/es-us\\\/wp-content\\\/uploads\\\/sites\\\/12\\\/2023\\\/01\\\/biomarin-logo.svg\",\"contentUrl\":\"https:\\\/\\\/achdsehcp-prd-001.azurewebsites.net\\\/es-us\\\/wp-content\\\/uploads\\\/sites\\\/12\\\/2023\\\/01\\\/biomarin-logo.svg\",\"width\":\"1024\",\"height\":\"1024\",\"caption\":\"BioMarin\"},\"image\":{\"@id\":\"https:\\\/\\\/hcp.biomarin.com\\\/es-la\\\/achondroplasia\\\/#\\\/schema\\\/logo\\\/image\\\/\"},\"sameAs\":[\"https:\\\/\\\/www.facebook.com\\\/BioMarinOfficial\\\/\",\"https:\\\/\\\/www.linkedin.com\\\/company\\\/biomarin\"]}]}<\/script>\n<!-- \/ Yoast SEO plugin. -->","yoast_head_json":{"title":"Mant\u00e9ngase actualizado","robots":{"index":"index","follow":"follow","max-snippet":"max-snippet:-1","max-image-preview":"max-image-preview:large","max-video-preview":"max-video-preview:-1"},"canonical":"https:\/\/hcp.biomarin.com\/es-la\/achondroplasia\/mantengase-actualizado\/","og_locale":"es_ES","og_type":"article","og_title":"Mant\u00e9ngase actualizado","og_url":"https:\/\/hcp.biomarin.com\/es-la\/achondroplasia\/mantengase-actualizado\/","og_site_name":"BioMarin ACH DSE HCP ES-LA","article_publisher":"https:\/\/www.facebook.com\/BioMarinOfficial\/","article_modified_time":"2024-09-03T11:19:16+00:00","twitter_card":"summary_large_image","schema":{"@context":"https:\/\/schema.org","@graph":[{"@type":"WebPage","@id":"https:\/\/hcp.biomarin.com\/es-la\/achondroplasia\/mantengase-actualizado\/","url":"https:\/\/hcp.biomarin.com\/es-la\/achondroplasia\/mantengase-actualizado\/","name":"Mant\u00e9ngase actualizado","isPartOf":{"@id":"https:\/\/hcp.biomarin.com\/es-la\/achondroplasia\/#website"},"datePublished":"2022-11-11T11:43:55+00:00","dateModified":"2024-09-03T11:19:16+00:00","breadcrumb":{"@id":"https:\/\/hcp.biomarin.com\/es-la\/achondroplasia\/mantengase-actualizado\/#breadcrumb"},"inLanguage":"es","potentialAction":[{"@type":"ReadAction","target":["https:\/\/hcp.biomarin.com\/es-la\/achondroplasia\/mantengase-actualizado\/"]}]},{"@type":"BreadcrumbList","@id":"https:\/\/hcp.biomarin.com\/es-la\/achondroplasia\/mantengase-actualizado\/#breadcrumb","itemListElement":[{"@type":"ListItem","position":1,"name":"Home","item":"https:\/\/hcp.biomarin.com\/es-la\/achondroplasia\/"},{"@type":"ListItem","position":2,"name":"Mant\u00e9ngase actualizado"}]},{"@type":"WebSite","@id":"https:\/\/hcp.biomarin.com\/es-la\/achondroplasia\/#website","url":"https:\/\/hcp.biomarin.com\/es-la\/achondroplasia\/","name":"BioMarin ACH DSE HCP ES-LA","description":"","publisher":{"@id":"https:\/\/hcp.biomarin.com\/es-la\/achondroplasia\/#organization"},"potentialAction":[{"@type":"SearchAction","target":{"@type":"EntryPoint","urlTemplate":"https:\/\/hcp.biomarin.com\/es-la\/achondroplasia\/?s={search_term_string}"},"query-input":{"@type":"PropertyValueSpecification","valueRequired":true,"valueName":"search_term_string"}}],"inLanguage":"es"},{"@type":"Organization","@id":"https:\/\/hcp.biomarin.com\/es-la\/achondroplasia\/#organization","name":"BioMarin","url":"https:\/\/hcp.biomarin.com\/es-la\/achondroplasia\/","logo":{"@type":"ImageObject","inLanguage":"es","@id":"https:\/\/hcp.biomarin.com\/es-la\/achondroplasia\/#\/schema\/logo\/image\/","url":"https:\/\/achdsehcp-prd-001.azurewebsites.net\/es-us\/wp-content\/uploads\/sites\/12\/2023\/01\/biomarin-logo.svg","contentUrl":"https:\/\/achdsehcp-prd-001.azurewebsites.net\/es-us\/wp-content\/uploads\/sites\/12\/2023\/01\/biomarin-logo.svg","width":"1024","height":"1024","caption":"BioMarin"},"image":{"@id":"https:\/\/hcp.biomarin.com\/es-la\/achondroplasia\/#\/schema\/logo\/image\/"},"sameAs":["https:\/\/www.facebook.com\/BioMarinOfficial\/","https:\/\/www.linkedin.com\/company\/biomarin"]}]}},"_links":{"self":[{"href":"https:\/\/hcp.biomarin.com\/es-la\/achondroplasia\/wp-json\/wp\/v2\/pages\/924","targetHints":{"allow":["GET"]}}],"collection":[{"href":"https:\/\/hcp.biomarin.com\/es-la\/achondroplasia\/wp-json\/wp\/v2\/pages"}],"about":[{"href":"https:\/\/hcp.biomarin.com\/es-la\/achondroplasia\/wp-json\/wp\/v2\/types\/page"}],"author":[{"embeddable":true,"href":"https:\/\/hcp.biomarin.com\/es-la\/achondroplasia\/wp-json\/wp\/v2\/users\/2"}],"replies":[{"embeddable":true,"href":"https:\/\/hcp.biomarin.com\/es-la\/achondroplasia\/wp-json\/wp\/v2\/comments?post=924"}],"version-history":[{"count":16,"href":"https:\/\/hcp.biomarin.com\/es-la\/achondroplasia\/wp-json\/wp\/v2\/pages\/924\/revisions"}],"predecessor-version":[{"id":2641,"href":"https:\/\/hcp.biomarin.com\/es-la\/achondroplasia\/wp-json\/wp\/v2\/pages\/924\/revisions\/2641"}],"wp:attachment":[{"href":"https:\/\/hcp.biomarin.com\/es-la\/achondroplasia\/wp-json\/wp\/v2\/media?parent=924"}],"curies":[{"name":"wp","href":"https:\/\/api.w.org\/{rel}","templated":true}]}}