{"id":3067,"date":"2024-02-04T17:29:23","date_gmt":"2024-02-04T17:29:23","guid":{"rendered":"https:\/\/hcp.biomarin.com\/en-gb\/achondroplasia\/?page_id=3067"},"modified":"2024-11-07T10:51:49","modified_gmt":"2024-11-07T10:51:49","slug":"expert-talks","status":"publish","type":"page","link":"https:\/\/hcp.biomarin.com\/en-gb\/pku\/expert\/expert-talks\/","title":{"rendered":"Expert Talks"},"content":{"rendered":"<div id=\"acf-block-65bff0c8c27a5\" class=\"block wrapped-content block-tight-top block-tight-bottom\">\n    <div class=\"wrapper\">\n        <div class=\"inner-wrapper\">\n                \n<div id=\"acf-block-65bff0c8c2d4e\" class=\"block-wysiwyg\">\n            <h2>Expert Talks<\/h2>\n<p>Watch our webinars and symposiums aim to provide the latest information on Phenylketonuria (PKU). Listen from your peers on how PKU management and treatment is evolving and to be notified when we release new content, you can update your account and sign in to receive communications from PKU.expert.<\/p>\n    <\/div>\n        <\/div>\n    <\/div>\n<\/div>\n\n<div id=\"acf-block-671a596235e5f\" class=\"block split-content equal-bias bottom-border block-tight-top block-tight-bottom\" data-muted-autoplay=\"false\">\n\t<div class=\"wrapper\">\n\t\t<div class=\"inner-wrapper\">\n\t\t                                                                <div class=\"content-block first-block\">\n                                                                                                                                                                                                                                                                                    \n                                    \n                                                                                                                \n                                    \n                                    <figure>\n                                        <div class=\"image image-rounded\">\n                                                                                            <img decoding=\"async\" class=\"\" src=\"https:\/\/hcp.biomarin.com\/en-gb\/pku\/expert\/wp-content\/uploads\/sites\/5\/2024\/10\/SSIEM-2024.png?v=0.112\" alt=\"SSIEM 2024 title slide\" \/>                                                                                    <\/div>\n                                                                            <\/figure>\n                                                                                                                                                                                                                                                                                                                                                                                                                                                                        <p><a class=\"button button-arrow\" href=\"https:\/\/player.vimeo.com\/video\/1019747514\" target=\"_self\">Watch now<\/a><\/p>\n                                                                                                                        <\/div>\n                    \n                                            <div class=\"content-block second-block\">\n                                                                                                <h3>2024 SSIEM &#8211; BioMarin symposium<\/h3>\n<p>With new data emerging from both clinical trials and real-world observations, the management of PKU is ever evolving. In this short video, the expert panel (Dr Johannes Kr\u00e4mer, Prof Ania Muntau and Prof J\u00falio C\u00e9sar Rocha) highlights the key messages of the BioMarin satellite symposium at SSIEM 2024, sharing their personal experiences and insights on navigating the changing treatment landscape by answering key questions on living with phenylketonuria, treatment goals, and management strategies. If you are interested to know more about latest researches and data presented at 2024 SSIEM on PKU, please download the conference summary at this link.<\/p>\n<p>Time: 8:40<br \/>\nVeeva code: EUCAN-PAL-00241<\/p>\n                                                                                    <\/div>\n                                                \t\t<\/div>\n\t<\/div>\n<\/div>\n\n<div id=\"acf-block-65775ee299b6f\" class=\"block cards cards-3-col block-tight-top\">\n\t<div class=\"wrapper\">\n\t\t<div class=\"inner-wrapper\">\n\t\t\t<div class=\"cards-title\">\n\t\t\t    \t\t\t\t\t\t\t<\/div>\n\t\t\t<div class=\"cards-wrapper\">\n\t\t\t    \n<div id=\"acf-block-65775ee29a168\" class=\"card card-fixed-button\" data-muted-autoplay=\"false\">\n        <div class=\"card-content\">\n                            <h4>Expert Talks: Disease\n<\/h4>\n        \n                                                                                                                                                                                                                                                                                                                                                                                    \n                                                                                        <\/div>\n                                <div class=\"card-actions\">\n                            \n                            <p><a class=\"button button-arrow\" href=\"https:\/\/hcp.biomarin.com\/en-gb\/pku\/expert\/expert-talks\/pku-disease\/\" target=\"_self\">Watch here<\/a><\/p>\n                                                                                    <\/div>\n<\/div>\n\n<div id=\"acf-block-65775ee29a168\" class=\"card card-fixed-button\" data-muted-autoplay=\"false\">\n        <div class=\"card-content\">\n                            <h4>Expert Talks: Management\n<\/h4>\n        \n                                                                                                                                                                                                                                                                                                                                                                                    \n                                                                                        <\/div>\n                                <div class=\"card-actions\">\n                            \n                            <p><a class=\"button button-arrow\" href=\"https:\/\/hcp.biomarin.com\/en-gb\/pku\/expert\/expert-talks\/pku-management\/\" target=\"_self\">Watch here<\/a><\/p>\n                                                                                    <\/div>\n<\/div>\n\n<div id=\"acf-block-65775ee29a168\" class=\"card card-fixed-button\" data-muted-autoplay=\"false\">\n        <div class=\"card-content\">\n                            <h4>Expert Talks: Treatment\n<\/h4>\n        \n                                                                                                                                                                                                                                                                                                                                                                                    \n                                                                                        <\/div>\n                                <div class=\"card-actions\">\n                            \n                            <p><a class=\"button button-arrow\" href=\"https:\/\/hcp.biomarin.com\/en-gb\/pku\/expert\/expert-talks\/pku-treatment\/\" target=\"_self\">Watch here<\/a><\/p>\n                                                                                    <\/div>\n<\/div>\n\t\t\t<\/div>\n\t\t<\/div>\n\t<\/div>\n<\/div>\n\n<div id=\"acf-block-65775ee299b6f\" class=\"block cards cards-2-col block-tight-top\">\n\t<div class=\"wrapper\">\n\t\t<div class=\"inner-wrapper\">\n\t\t\t<div class=\"cards-title\">\n\t\t\t    \t\t\t\t\t\t\t<\/div>\n\t\t\t<div class=\"cards-wrapper\">\n\t\t\t    \n<div id=\"acf-block-65775ee29a168\" class=\"card card-fixed-button\" data-muted-autoplay=\"false\">\n    \t    \n\n                    <img decoding=\"async\" class=\"card-image\" src=\"https:\/\/hcp.biomarin.com\/en-gb\/pku\/expert\/wp-content\/uploads\/sites\/5\/2024\/07\/publication-promo_NEW.svg\" alt=\"PKU Publications\" \/>        \n\t    <div class=\"card-content\">\n                \n                                                                                                            <p><b>Free slide summaries for a selection of papers<\/b><br \/>\nWe regularly select the most relevant and up-to-date publications for review, with slide summaries of the papers available to download.<\/p>\n                                                                                                                                                                                                                                                                        \n                                                                                        <\/div>\n                                <div class=\"card-actions\">\n                            \n                            <p><a class=\"button button-text button-arrow\" href=\"https:\/\/hcp.biomarin.com\/en-gb\/pku\/expert\/publications\/\" target=\"_self\">View all Publications <\/a><\/p>\n                                                                                    <\/div>\n<\/div>\n\n<div id=\"acf-block-65775ee29a215\" class=\"card card-fixed-button\" data-muted-autoplay=\"false\">\n    \t    \n\n                    <img decoding=\"async\" class=\"card-image\" src=\"https:\/\/hcp.biomarin.com\/en-gb\/pku\/expert\/wp-content\/uploads\/sites\/5\/2024\/07\/resources-promo_NEW.svg\" alt=\"PKU resources\" \/>        \n\t    <div class=\"card-content\">\n                \n                                                                                                            <p><b>Videos and other resources<\/b><br \/>\nA range of  resources to meet the educational need of healthcare professionals in Phenylketonuria (PKU). <\/p>\n                                                                                                                                                                                                                                                                        \n                                                                                        <\/div>\n                                <div class=\"card-actions\">\n                            \n                            <p><a class=\"button button-text button-arrow\" href=\"https:\/\/hcp.biomarin.com\/en-gb\/pku\/expert\/additional-resources\/\" target=\"_self\">View all Resources<\/a><\/p>\n                                                                                    <\/div>\n<\/div>\n\t\t\t<\/div>\n\t\t<\/div>\n\t<\/div>\n<\/div>","protected":false},"excerpt":{"rendered":"","protected":false},"author":4,"featured_media":0,"parent":0,"menu_order":0,"comment_status":"closed","ping_status":"closed","template":"","meta":{"_acf_changed":false,"inline_featured_image":false,"footnotes":""},"class_list":["post-3067","page","type-page","status-publish","hentry"],"acf":[],"yoast_head":"<!-- This site is optimized with the Yoast SEO plugin v27.4 - https:\/\/yoast.com\/product\/yoast-seo-wordpress\/ -->\n<title>PKU Expert Expert Talks - BioMarin HCP<\/title>\n<meta name=\"description\" content=\"Watch our expert talks on PKU management, disease, and treatment strategies and gain valuable knowledge to enhance your approach to PKU.\" \/>\n<meta name=\"robots\" content=\"index, follow, max-snippet:-1, max-image-preview:large, max-video-preview:-1\" \/>\n<link rel=\"canonical\" href=\"https:\/\/hcp.biomarin.com\/en-gb\/pku\/expert\/expert-talks\/\" \/>\n<meta property=\"og:locale\" content=\"en_GB\" \/>\n<meta property=\"og:type\" content=\"article\" \/>\n<meta property=\"og:title\" content=\"PKU Expert Expert Talks - BioMarin HCP\" \/>\n<meta property=\"og:description\" content=\"Watch our expert talks on PKU management, disease, and treatment strategies and gain valuable knowledge to enhance your approach to PKU.\" \/>\n<meta property=\"og:url\" content=\"https:\/\/hcp.biomarin.com\/en-gb\/pku\/expert\/expert-talks\/\" \/>\n<meta property=\"og:site_name\" content=\"BioMarin PKU DSE Expert HCP EN-GB\" \/>\n<meta property=\"article:publisher\" content=\"https:\/\/www.facebook.com\/BioMarinOfficial\/\" \/>\n<meta property=\"article:modified_time\" content=\"2024-11-07T10:51:49+00:00\" \/>\n<meta name=\"twitter:card\" content=\"summary_large_image\" \/>\n<script type=\"application\/ld+json\" class=\"yoast-schema-graph\">{\"@context\":\"https:\\\/\\\/schema.org\",\"@graph\":[{\"@type\":\"WebPage\",\"@id\":\"https:\\\/\\\/hcp.biomarin.com\\\/en-gb\\\/pku\\\/expert\\\/expert-talks\\\/\",\"url\":\"https:\\\/\\\/hcp.biomarin.com\\\/en-gb\\\/pku\\\/expert\\\/expert-talks\\\/\",\"name\":\"PKU Expert Expert Talks - BioMarin HCP\",\"isPartOf\":{\"@id\":\"https:\\\/\\\/hcp.biomarin.com\\\/en-gb\\\/pku\\\/expert\\\/#website\"},\"datePublished\":\"2024-02-04T17:29:23+00:00\",\"dateModified\":\"2024-11-07T10:51:49+00:00\",\"description\":\"Watch our expert talks on PKU management, disease, and treatment strategies and gain valuable knowledge to enhance your approach to PKU.\",\"breadcrumb\":{\"@id\":\"https:\\\/\\\/hcp.biomarin.com\\\/en-gb\\\/pku\\\/expert\\\/expert-talks\\\/#breadcrumb\"},\"inLanguage\":\"en-GB\",\"potentialAction\":[{\"@type\":\"ReadAction\",\"target\":[\"https:\\\/\\\/hcp.biomarin.com\\\/en-gb\\\/pku\\\/expert\\\/expert-talks\\\/\"]}]},{\"@type\":\"BreadcrumbList\",\"@id\":\"https:\\\/\\\/hcp.biomarin.com\\\/en-gb\\\/pku\\\/expert\\\/expert-talks\\\/#breadcrumb\",\"itemListElement\":[{\"@type\":\"ListItem\",\"position\":1,\"name\":\"Home\",\"item\":\"https:\\\/\\\/hcp.biomarin.com\\\/en-gb\\\/pku\\\/expert\\\/\"},{\"@type\":\"ListItem\",\"position\":2,\"name\":\"Expert Talks\"}]},{\"@type\":\"WebSite\",\"@id\":\"https:\\\/\\\/hcp.biomarin.com\\\/en-gb\\\/pku\\\/expert\\\/#website\",\"url\":\"https:\\\/\\\/hcp.biomarin.com\\\/en-gb\\\/pku\\\/expert\\\/\",\"name\":\"BioMarin PKU DSE Expert HCP EN-GB\",\"description\":\"\",\"publisher\":{\"@id\":\"https:\\\/\\\/hcp.biomarin.com\\\/en-gb\\\/pku\\\/expert\\\/#organization\"},\"potentialAction\":[{\"@type\":\"SearchAction\",\"target\":{\"@type\":\"EntryPoint\",\"urlTemplate\":\"https:\\\/\\\/hcp.biomarin.com\\\/en-gb\\\/pku\\\/expert\\\/?s={search_term_string}\"},\"query-input\":{\"@type\":\"PropertyValueSpecification\",\"valueRequired\":true,\"valueName\":\"search_term_string\"}}],\"inLanguage\":\"en-GB\"},{\"@type\":\"Organization\",\"@id\":\"https:\\\/\\\/hcp.biomarin.com\\\/en-gb\\\/pku\\\/expert\\\/#organization\",\"name\":\"BioMarin\",\"url\":\"https:\\\/\\\/hcp.biomarin.com\\\/en-gb\\\/pku\\\/expert\\\/\",\"logo\":{\"@type\":\"ImageObject\",\"inLanguage\":\"en-GB\",\"@id\":\"https:\\\/\\\/hcp.biomarin.com\\\/en-gb\\\/pku\\\/expert\\\/#\\\/schema\\\/logo\\\/image\\\/\",\"url\":\"\",\"contentUrl\":\"\",\"caption\":\"BioMarin\"},\"image\":{\"@id\":\"https:\\\/\\\/hcp.biomarin.com\\\/en-gb\\\/pku\\\/expert\\\/#\\\/schema\\\/logo\\\/image\\\/\"},\"sameAs\":[\"https:\\\/\\\/www.facebook.com\\\/BioMarinOfficial\\\/\",\"https:\\\/\\\/www.linkedin.com\\\/company\\\/biomarin\"]}]}<\/script>\n<!-- \/ Yoast SEO plugin. -->","yoast_head_json":{"title":"PKU Expert Expert Talks - BioMarin HCP","description":"Watch our expert talks on PKU management, disease, and treatment strategies and gain valuable knowledge to enhance your approach to PKU.","robots":{"index":"index","follow":"follow","max-snippet":"max-snippet:-1","max-image-preview":"max-image-preview:large","max-video-preview":"max-video-preview:-1"},"canonical":"https:\/\/hcp.biomarin.com\/en-gb\/pku\/expert\/expert-talks\/","og_locale":"en_GB","og_type":"article","og_title":"PKU Expert Expert Talks - BioMarin HCP","og_description":"Watch our expert talks on PKU management, disease, and treatment strategies and gain valuable knowledge to enhance your approach to PKU.","og_url":"https:\/\/hcp.biomarin.com\/en-gb\/pku\/expert\/expert-talks\/","og_site_name":"BioMarin PKU DSE Expert HCP EN-GB","article_publisher":"https:\/\/www.facebook.com\/BioMarinOfficial\/","article_modified_time":"2024-11-07T10:51:49+00:00","twitter_card":"summary_large_image","schema":{"@context":"https:\/\/schema.org","@graph":[{"@type":"WebPage","@id":"https:\/\/hcp.biomarin.com\/en-gb\/pku\/expert\/expert-talks\/","url":"https:\/\/hcp.biomarin.com\/en-gb\/pku\/expert\/expert-talks\/","name":"PKU Expert Expert Talks - BioMarin HCP","isPartOf":{"@id":"https:\/\/hcp.biomarin.com\/en-gb\/pku\/expert\/#website"},"datePublished":"2024-02-04T17:29:23+00:00","dateModified":"2024-11-07T10:51:49+00:00","description":"Watch our expert talks on PKU management, disease, and treatment strategies and gain valuable knowledge to enhance your approach to PKU.","breadcrumb":{"@id":"https:\/\/hcp.biomarin.com\/en-gb\/pku\/expert\/expert-talks\/#breadcrumb"},"inLanguage":"en-GB","potentialAction":[{"@type":"ReadAction","target":["https:\/\/hcp.biomarin.com\/en-gb\/pku\/expert\/expert-talks\/"]}]},{"@type":"BreadcrumbList","@id":"https:\/\/hcp.biomarin.com\/en-gb\/pku\/expert\/expert-talks\/#breadcrumb","itemListElement":[{"@type":"ListItem","position":1,"name":"Home","item":"https:\/\/hcp.biomarin.com\/en-gb\/pku\/expert\/"},{"@type":"ListItem","position":2,"name":"Expert Talks"}]},{"@type":"WebSite","@id":"https:\/\/hcp.biomarin.com\/en-gb\/pku\/expert\/#website","url":"https:\/\/hcp.biomarin.com\/en-gb\/pku\/expert\/","name":"BioMarin PKU DSE Expert HCP EN-GB","description":"","publisher":{"@id":"https:\/\/hcp.biomarin.com\/en-gb\/pku\/expert\/#organization"},"potentialAction":[{"@type":"SearchAction","target":{"@type":"EntryPoint","urlTemplate":"https:\/\/hcp.biomarin.com\/en-gb\/pku\/expert\/?s={search_term_string}"},"query-input":{"@type":"PropertyValueSpecification","valueRequired":true,"valueName":"search_term_string"}}],"inLanguage":"en-GB"},{"@type":"Organization","@id":"https:\/\/hcp.biomarin.com\/en-gb\/pku\/expert\/#organization","name":"BioMarin","url":"https:\/\/hcp.biomarin.com\/en-gb\/pku\/expert\/","logo":{"@type":"ImageObject","inLanguage":"en-GB","@id":"https:\/\/hcp.biomarin.com\/en-gb\/pku\/expert\/#\/schema\/logo\/image\/","url":"","contentUrl":"","caption":"BioMarin"},"image":{"@id":"https:\/\/hcp.biomarin.com\/en-gb\/pku\/expert\/#\/schema\/logo\/image\/"},"sameAs":["https:\/\/www.facebook.com\/BioMarinOfficial\/","https:\/\/www.linkedin.com\/company\/biomarin"]}]}},"_links":{"self":[{"href":"https:\/\/hcp.biomarin.com\/en-gb\/pku\/expert\/wp-json\/wp\/v2\/pages\/3067","targetHints":{"allow":["GET"]}}],"collection":[{"href":"https:\/\/hcp.biomarin.com\/en-gb\/pku\/expert\/wp-json\/wp\/v2\/pages"}],"about":[{"href":"https:\/\/hcp.biomarin.com\/en-gb\/pku\/expert\/wp-json\/wp\/v2\/types\/page"}],"author":[{"embeddable":true,"href":"https:\/\/hcp.biomarin.com\/en-gb\/pku\/expert\/wp-json\/wp\/v2\/users\/4"}],"replies":[{"embeddable":true,"href":"https:\/\/hcp.biomarin.com\/en-gb\/pku\/expert\/wp-json\/wp\/v2\/comments?post=3067"}],"version-history":[{"count":52,"href":"https:\/\/hcp.biomarin.com\/en-gb\/pku\/expert\/wp-json\/wp\/v2\/pages\/3067\/revisions"}],"predecessor-version":[{"id":5300,"href":"https:\/\/hcp.biomarin.com\/en-gb\/pku\/expert\/wp-json\/wp\/v2\/pages\/3067\/revisions\/5300"}],"wp:attachment":[{"href":"https:\/\/hcp.biomarin.com\/en-gb\/pku\/expert\/wp-json\/wp\/v2\/media?parent=3067"}],"curies":[{"name":"wp","href":"https:\/\/api.w.org\/{rel}","templated":true}]}}